{"id":1302,"date":"2020-05-01T19:43:02","date_gmt":"2020-05-01T17:43:02","guid":{"rendered":"https:\/\/prev-ir.fr\/?page_id=1302"},"modified":"2020-07-09T11:35:37","modified_gmt":"2020-07-09T09:35:37","slug":"2020-prevenir-mentions-legales-2","status":"publish","type":"page","link":"https:\/\/prev-ir.fr\/?page_id=1302","title":{"rendered":"Mentions l\u00e9gales\/Politique de confidentialit\u00e9"},"content":{"rendered":"\n<p><span style=\"font-size: 14pt;\"><strong><span style=\"color: #5789c7;\">Editeur :<\/span><br><\/strong><\/span><strong>Association PREVenIR<\/strong><br>Pr\u00e9vention en Is\u00e8re Rhodanienne<br>200, impasse Laverloch\u00e8re \u2013 38780 Pont-Ev\u00eaque <br>T\u00e9l. 04 74 31 59 63<br><br><\/p>\n<p><span style=\"font-size: 14pt;\"><strong><span style=\"color: #5789c7;\">Directeur de la publication :&nbsp;<\/span><br><\/strong><\/span><strong>Mireille RONZON<\/strong>, Pr\u00e9sidente de l\u2019association PREVenIR.<br><br><\/p>\n<p><span style=\"font-size: 14pt;\"><strong><span style=\"color: #5789c7;\">H\u00e9bergeur :<br><\/span><\/strong><\/span><strong>Aamset<br><\/strong>5 rue Ambroise thomas<br>75009 Paris&nbsp;<br>T\u00e9l : 0155732155<\/p>\n<p><em><strong><u>&nbsp;<\/u><\/strong><\/em><\/p>\n","protected":false},"excerpt":{"rendered":"<p>Editeur :Association PREVenIRPr\u00e9vention en Is\u00e8re Rhodanienne200, impasse Laverloch\u00e8re \u2013 38780 Pont-Ev\u00eaque T\u00e9l. 04 74 31 59 63 Directeur de la publication :&nbsp;Mireille RONZON, Pr\u00e9sidente de l\u2019association PREVenIR. H\u00e9bergeur :Aamset5 rue Ambroise thomas75009 Paris&nbsp;T\u00e9l : 0155732155 &nbsp;<\/p>\n","protected":false},"author":2,"featured_media":0,"parent":0,"menu_order":12,"comment_status":"closed","ping_status":"closed","template":"","meta":{"ngg_post_thumbnail":0,"footnotes":""},"class_list":["post-1302","page","type-page","status-publish","hentry"],"jetpack_shortlink":"https:\/\/wp.me\/P5BzG1-l0","jetpack_sharing_enabled":true,"_links":{"self":[{"href":"https:\/\/prev-ir.fr\/index.php?rest_route=\/wp\/v2\/pages\/1302","targetHints":{"allow":["GET"]}}],"collection":[{"href":"https:\/\/prev-ir.fr\/index.php?rest_route=\/wp\/v2\/pages"}],"about":[{"href":"https:\/\/prev-ir.fr\/index.php?rest_route=\/wp\/v2\/types\/page"}],"author":[{"embeddable":true,"href":"https:\/\/prev-ir.fr\/index.php?rest_route=\/wp\/v2\/users\/2"}],"replies":[{"embeddable":true,"href":"https:\/\/prev-ir.fr\/index.php?rest_route=%2Fwp%2Fv2%2Fcomments&post=1302"}],"version-history":[{"count":4,"href":"https:\/\/prev-ir.fr\/index.php?rest_route=\/wp\/v2\/pages\/1302\/revisions"}],"predecessor-version":[{"id":1710,"href":"https:\/\/prev-ir.fr\/index.php?rest_route=\/wp\/v2\/pages\/1302\/revisions\/1710"}],"wp:attachment":[{"href":"https:\/\/prev-ir.fr\/index.php?rest_route=%2Fwp%2Fv2%2Fmedia&parent=1302"}],"curies":[{"name":"wp","href":"https:\/\/api.w.org\/{rel}","templated":true}]}}