{"id":1614,"date":"2020-05-29T15:18:16","date_gmt":"2020-05-29T13:18:16","guid":{"rendered":"https:\/\/prev-ir.fr\/?page_id=1614"},"modified":"2023-07-24T15:15:42","modified_gmt":"2023-07-24T13:15:42","slug":"les-chantiers-permanents","status":"publish","type":"page","link":"https:\/\/prev-ir.fr\/?page_id=1614","title":{"rendered":"Chantiers permanents"},"content":{"rendered":"\n<p style=\"text-align: center;\"><b>\u00ab <\/b><b><i>Proposer une mise en mouvement <\/i><\/b><b><i>par un temps d\u2019inscription dans un rythme de vie et de travail<\/i><\/b><b>.&nbsp;\u00bb<\/b><\/p>\n<ul>\n<li>En amont de l\u2019insertion professionnelle, et au croisement des dimensions \u00e9conomique et \u00e9ducative, les chantiers \u00e9ducatifs permanents proposent un lieu privil\u00e9gi\u00e9 d\u2019acquisition des codes sociaux et professionnels.<\/li>\n<li>Etape singuli\u00e8re dans le parcours d\u2019accompagnement \u00e9ducatif, la dynamique des chantiers permanents vise \u00e0 susciter chez le jeune le d\u00e9sir de s\u2019inscrire ou se r\u00e9inscrire dans une d\u00e9marche de projet d\u2019insertion.<\/li>\n<\/ul>\n<p style=\"text-align: justify;\">Encadr\u00e9s par une \u00e9quipe d\u2019\u00e9ducateurs techniques de m\u00e9tier, les jeunes ont des contrats de travail sur deux semaines du lundi au jeudi de 8h \u00e0 15h30. Pour une meilleure qualit\u00e9 de travail et de pr\u00e9sence aupr\u00e8s des jeunes, chaque \u00e9quipe est constitu\u00e9e de 2 \u00e0 4 jeunes, en fonction de la r\u00e9alit\u00e9 technique de chaque chantier.<\/p>\n<p style=\"text-align: justify;\">Cette p\u00e9riode de deux semaines est le cadre initial pour permettre au jeune de se familiariser avec le chantier et aux \u00e9ducateurs techniques d\u2019affiner leurs perceptions. Ce temps peut \u00eatre adapt\u00e9 au profil et besoin de chaque jeune. Aussi, au regard du projet de chacun, il est possible de pouvoir exp\u00e9rimenter des p\u00e9riodes plus courtes ou \u00e0 l\u2019inverse plus longues. &nbsp;<\/p>\n<p>Dans le cadre des chantiers permanents, nous intervenons sur des chantiers en second \u0153uvre (peinture) et en entretien des espaces verts<\/p>\n\n\n","protected":false},"excerpt":{"rendered":"<p>\u00ab Proposer une mise en mouvement par un temps d\u2019inscription dans un rythme de vie et de travail.&nbsp;\u00bb En amont de l\u2019insertion professionnelle, et au croisement des dimensions \u00e9conomique et \u00e9ducative, les chantiers \u00e9ducatifs permanents proposent un lieu privil\u00e9gi\u00e9 d\u2019acquisition&hellip;&nbsp;<a href=\"https:\/\/prev-ir.fr\/?page_id=1614\" class=\"more-link\">Lire la suite<\/a><\/p>\n","protected":false},"author":2,"featured_media":0,"parent":0,"menu_order":4,"comment_status":"closed","ping_status":"closed","template":"","meta":{"ngg_post_thumbnail":0,"footnotes":""},"class_list":["post-1614","page","type-page","status-publish","hentry"],"jetpack_shortlink":"https:\/\/wp.me\/P5BzG1-q2","jetpack_sharing_enabled":true,"_links":{"self":[{"href":"https:\/\/prev-ir.fr\/index.php?rest_route=\/wp\/v2\/pages\/1614","targetHints":{"allow":["GET"]}}],"collection":[{"href":"https:\/\/prev-ir.fr\/index.php?rest_route=\/wp\/v2\/pages"}],"about":[{"href":"https:\/\/prev-ir.fr\/index.php?rest_route=\/wp\/v2\/types\/page"}],"author":[{"embeddable":true,"href":"https:\/\/prev-ir.fr\/index.php?rest_route=\/wp\/v2\/users\/2"}],"replies":[{"embeddable":true,"href":"https:\/\/prev-ir.fr\/index.php?rest_route=%2Fwp%2Fv2%2Fcomments&post=1614"}],"version-history":[{"count":3,"href":"https:\/\/prev-ir.fr\/index.php?rest_route=\/wp\/v2\/pages\/1614\/revisions"}],"predecessor-version":[{"id":2133,"href":"https:\/\/prev-ir.fr\/index.php?rest_route=\/wp\/v2\/pages\/1614\/revisions\/2133"}],"wp:attachment":[{"href":"https:\/\/prev-ir.fr\/index.php?rest_route=%2Fwp%2Fv2%2Fmedia&parent=1614"}],"curies":[{"name":"wp","href":"https:\/\/api.w.org\/{rel}","templated":true}]}}