{"id":819,"date":"2018-03-13T18:39:44","date_gmt":"2018-03-13T17:39:44","guid":{"rendered":"http:\/\/prev-ir.fr\/?page_id=819"},"modified":"2023-12-13T10:39:20","modified_gmt":"2023-12-13T09:39:20","slug":"acceuil-2","status":"publish","type":"page","link":"https:\/\/prev-ir.fr\/","title":{"rendered":"Accueil"},"content":{"rendered":"\t\t<div data-elementor-type=\"wp-page\" data-elementor-id=\"819\" class=\"elementor elementor-819\">\n\t\t\t\t\t\t<section class=\"elementor-section elementor-top-section elementor-element elementor-element-75a30cb8 elementor-section-boxed elementor-section-height-default elementor-section-height-default\" data-id=\"75a30cb8\" data-element_type=\"section\" data-e-type=\"section\">\n\t\t\t\t\t\t<div class=\"elementor-container elementor-column-gap-default\">\n\t\t\t\t\t<div class=\"elementor-column elementor-col-100 elementor-top-column elementor-element elementor-element-58eb432c\" data-id=\"58eb432c\" data-element_type=\"column\" data-e-type=\"column\">\n\t\t\t<div class=\"elementor-widget-wrap elementor-element-populated\">\n\t\t\t\t\t\t<div class=\"elementor-element elementor-element-5a0d3e87 elementor-widget elementor-widget-text-editor\" data-id=\"5a0d3e87\" data-element_type=\"widget\" data-e-type=\"widget\" data-widget_type=\"text-editor.default\">\n\t\t\t\t<div class=\"elementor-widget-container\">\n\t\t\t\t\t\t\t\t\t\n<div class=\"wp-block-columns is-layout-flex wp-container-core-columns-is-layout-9d6595d7 wp-block-columns-is-layout-flex\">\n<div class=\"wp-block-column is-layout-flow wp-block-column-is-layout-flow\" style=\"flex-basis: 66.66%;\">\n<p class=\"has-drop-cap has-text-align-justify has-background\" style=\"background-color: #d7d6d5;\">Les professionnels de PR\u00c9VenIR assurent un travail quotidien bas\u00e9 sur l\u2019attention et la disponibilit\u00e9 \u00e0 l\u2019autre pour faire na\u00eetre le lien qui va permettre d\u2019accompagner la personne dans les difficult\u00e9s qu\u2019elle rencontre.<\/p>\n\n<p class=\"has-text-align-justify\">Cela demande d\u2019\u00eatre en capacit\u00e9 d\u2019aller \u00e0 la rencontre des jeunes, dans la rue, \u00e0 l\u2019\u00e9cole ou d\u2019autres lieux de vie, pour se conna\u00eetre, cheminer ensemble et partager avec eux leurs questions, leurs r\u00eaves, leurs r\u00e9voltes, leurs renoncements parfois.<\/p>\n\n<p class=\"has-text-align-justify\">Mais il ne suffit pas qu\u2019il y ait relation entre un \u00e9ducateur et un jeune pour que celle-ci soit \u00e9ducative. Pour cela, il est n\u00e9cessaire que cette relation ouvre \u00e0 des jeux nouveaux de rapports de places avec soi, les autres et son environnement, ceci afin de pr\u00e9venir la r\u00e9p\u00e9tition ou l\u2019enferment dans des conduites plus radicales.<\/p>\n\n<p class=\"has-text-align-justify\">C\u2019est dans la parole et le langage que se font les rencontres humaines et c\u2019est donc dans cet espace particulier qu\u2019exercent les \u00e9ducateurs pour \u00e9viter des comportements d\u2019esquive ou d\u2019affrontement souvent sans mot.<\/p>\n\n<p class=\"has-text-align-justify\">Permettre aux jeunes d\u2019envisager l\u2019alt\u00e9rit\u00e9 pour comprendre le monde et s\u2019y situer, c\u2019est aussi pour les \u00e9ducateurs de PR\u00c9VenIR \u00ab \u00eatre et faire ensemble \u00bb, en proposant des activit\u00e9s leur permettant de grandir en \u00e9tant des acteurs responsables de leurs projets individuels ou de groupes. Les chantiers \u00e9ducatifs, permettent aux plus grands d\u2019entre eux de vivre une v\u00e9ritable exp\u00e9rience de travail et d\u2019investir autrement leurs parcours d\u2019insertion sociale et professionnelle.<\/p>\n<\/div>\n\n<div class=\"wp-block-column is-layout-flow wp-block-column-is-layout-flow\" style=\"flex-basis: 33.33%;\">\n<p class=\"has-background\" style=\"background-color: #efc409;\">POUR QUI ?<br \/>Les enfants, adolescents, jeunes adultes, leurs parents et leurs familles. Avec eux\u2026<br \/>Pour reprendre confiance, acc\u00e9der \u00e0 l\u2019autonomie, \u00eatre acteur de l\u2019avenir, s\u2019inscrire dans la vie sociale, entrer dans une dynamique collective.<\/p>\n<div class=\"wp-block-image\">\n<figure class=\"aligncenter size-large is-resized\"><img fetchpriority=\"high\" decoding=\"async\" data-attachment-id=\"2274\" data-permalink=\"https:\/\/prev-ir.fr\/?attachment_id=2274\" data-orig-file=\"https:\/\/i0.wp.com\/prev-ir.fr\/wp-content\/uploads\/2023\/12\/image00000011-e1702454809904.jpg?fit=1574%2C1264&amp;ssl=1\" data-orig-size=\"1574,1264\" data-comments-opened=\"0\" data-image-meta=\"{&quot;aperture&quot;:&quot;0&quot;,&quot;credit&quot;:&quot;&quot;,&quot;camera&quot;:&quot;&quot;,&quot;caption&quot;:&quot;&quot;,&quot;created_timestamp&quot;:&quot;0&quot;,&quot;copyright&quot;:&quot;&quot;,&quot;focal_length&quot;:&quot;0&quot;,&quot;iso&quot;:&quot;0&quot;,&quot;shutter_speed&quot;:&quot;0&quot;,&quot;title&quot;:&quot;&quot;,&quot;orientation&quot;:&quot;0&quot;}\" data-image-title=\"image0000001(1)\" data-image-description=\"\" data-image-caption=\"\" data-large-file=\"https:\/\/i0.wp.com\/prev-ir.fr\/wp-content\/uploads\/2023\/12\/image00000011-e1702454809904.jpg?fit=640%2C514&amp;ssl=1\" data-recalc-dims=\"1\" class=\"alignnone wp-image-2274 size-medium\" style=\"width: 212px; height: 220px;\" src=\"https:\/\/i0.wp.com\/prev-ir.fr\/wp-content\/uploads\/2023\/12\/image00000011-e1702454809904-300x241.jpg?resize=300%2C241&#038;ssl=1\" alt=\"\" width=\"300\" height=\"241\" srcset=\"https:\/\/i0.wp.com\/prev-ir.fr\/wp-content\/uploads\/2023\/12\/image00000011-e1702454809904.jpg?resize=300%2C241&amp;ssl=1 300w, https:\/\/i0.wp.com\/prev-ir.fr\/wp-content\/uploads\/2023\/12\/image00000011-e1702454809904.jpg?resize=1080%2C867&amp;ssl=1 1080w, https:\/\/i0.wp.com\/prev-ir.fr\/wp-content\/uploads\/2023\/12\/image00000011-e1702454809904.jpg?resize=768%2C617&amp;ssl=1 768w, https:\/\/i0.wp.com\/prev-ir.fr\/wp-content\/uploads\/2023\/12\/image00000011-e1702454809904.jpg?resize=1536%2C1233&amp;ssl=1 1536w, https:\/\/i0.wp.com\/prev-ir.fr\/wp-content\/uploads\/2023\/12\/image00000011-e1702454809904.jpg?resize=336%2C270&amp;ssl=1 336w, https:\/\/i0.wp.com\/prev-ir.fr\/wp-content\/uploads\/2023\/12\/image00000011-e1702454809904.jpg?w=1574&amp;ssl=1 1574w, https:\/\/i0.wp.com\/prev-ir.fr\/wp-content\/uploads\/2023\/12\/image00000011-e1702454809904.jpg?w=1280&amp;ssl=1 1280w\" sizes=\"(max-width: 300px) 100vw, 300px\" \/><\/figure>\n<\/div>\n<figure class=\"wp-block-image size-large is-resized\"><img decoding=\"async\" data-attachment-id=\"2276\" data-permalink=\"https:\/\/prev-ir.fr\/?attachment_id=2276\" data-orig-file=\"https:\/\/i0.wp.com\/prev-ir.fr\/wp-content\/uploads\/2023\/12\/20230411_133053-1.jpg?fit=1854%2C2362&amp;ssl=1\" data-orig-size=\"1854,2362\" data-comments-opened=\"0\" data-image-meta=\"{&quot;aperture&quot;:&quot;1.7&quot;,&quot;credit&quot;:&quot;&quot;,&quot;camera&quot;:&quot;SM-G950F&quot;,&quot;caption&quot;:&quot;&quot;,&quot;created_timestamp&quot;:&quot;1681219853&quot;,&quot;copyright&quot;:&quot;&quot;,&quot;focal_length&quot;:&quot;4.2&quot;,&quot;iso&quot;:&quot;40&quot;,&quot;shutter_speed&quot;:&quot;0.0017667844522968&quot;,&quot;title&quot;:&quot;&quot;,&quot;orientation&quot;:&quot;1&quot;}\" data-image-title=\"20230411_133053\" data-image-description=\"\" data-image-caption=\"\" data-large-file=\"https:\/\/i0.wp.com\/prev-ir.fr\/wp-content\/uploads\/2023\/12\/20230411_133053-1.jpg?fit=640%2C815&amp;ssl=1\" data-recalc-dims=\"1\" class=\"alignnone wp-image-2276 size-medium\" style=\"width: 312px; height: 206px;\" src=\"https:\/\/i0.wp.com\/prev-ir.fr\/wp-content\/uploads\/2023\/12\/20230411_133053-1.jpg?resize=235%2C300&#038;ssl=1\" alt=\"\" width=\"235\" height=\"300\" srcset=\"https:\/\/i0.wp.com\/prev-ir.fr\/wp-content\/uploads\/2023\/12\/20230411_133053-1.jpg?w=1854&amp;ssl=1 1854w, https:\/\/i0.wp.com\/prev-ir.fr\/wp-content\/uploads\/2023\/12\/20230411_133053-1.jpg?resize=235%2C300&amp;ssl=1 235w, https:\/\/i0.wp.com\/prev-ir.fr\/wp-content\/uploads\/2023\/12\/20230411_133053-1.jpg?resize=848%2C1080&amp;ssl=1 848w, https:\/\/i0.wp.com\/prev-ir.fr\/wp-content\/uploads\/2023\/12\/20230411_133053-1.jpg?resize=768%2C978&amp;ssl=1 768w, https:\/\/i0.wp.com\/prev-ir.fr\/wp-content\/uploads\/2023\/12\/20230411_133053-1.jpg?resize=1206%2C1536&amp;ssl=1 1206w, https:\/\/i0.wp.com\/prev-ir.fr\/wp-content\/uploads\/2023\/12\/20230411_133053-1.jpg?resize=1608%2C2048&amp;ssl=1 1608w, https:\/\/i0.wp.com\/prev-ir.fr\/wp-content\/uploads\/2023\/12\/20230411_133053-1.jpg?resize=212%2C270&amp;ssl=1 212w, https:\/\/i0.wp.com\/prev-ir.fr\/wp-content\/uploads\/2023\/12\/20230411_133053-1.jpg?w=1280&amp;ssl=1 1280w\" sizes=\"(max-width: 235px) 100vw, 235px\" \/><\/figure>\n\n<div class=\"wp-block-jetpack-contact-info\"><\/div>\n<\/div>\n<\/div>\n\n<p class=\"has-text-align-justify has-background\" style=\"background-color: #d7d6d5;\">En 2022, plus de 1000 enfants, adolescents et jeunes adultes de l\u2019Is\u00e8re Rhodanienne ont \u00e9t\u00e9 en relation avec les \u00e9ducateurs. Les accompagnements qui en ont d\u00e9coul\u00e9 se sont souvent construits en lien avec leurs familles et les partenaires du territoire.<br \/><a href=\"https:\/\/prev-ir.fr\/?page_id=56\" target=\"_blank\" rel=\"noreferrer noopener\">Les rapports d\u2019activit\u00e9s<\/a> proposent une lecture d\u2019ensemble des actions conduites par les \u00e9quipes \u00e9ducatives. Ils t\u00e9moignent de la volont\u00e9 qui les anime <strong>d\u2019offrir \u00e0 chaque jeune rencontr\u00e9 un espace de parole qui lui permette de penser et d\u2018agir pour son avenir.<\/strong><\/p>\n<div class=\"wp-block-jetpack-slideshow aligncenter\" data-autoplay=\"true\" data-delay=\"2\" data-effect=\"fade\">\n<div class=\"wp-block-jetpack-slideshow_container swiper-container\">\n<div class=\"wp-block-jetpack-slideshow_pagination swiper-pagination swiper-pagination-white\">\u00a0<\/div>\n<\/div>\n<\/div>\n\t\t\t\t\t\t\t\t<\/div>\n\t\t\t\t<\/div>\n\t\t\t\t\t<\/div>\n\t\t<\/div>\n\t\t\t\t\t<\/div>\n\t\t<\/section>\n\t\t\t\t<section class=\"elementor-section elementor-top-section elementor-element elementor-element-a2c97ab elementor-section-boxed elementor-section-height-default elementor-section-height-default\" data-id=\"a2c97ab\" data-element_type=\"section\" data-e-type=\"section\">\n\t\t\t\t\t\t<div class=\"elementor-container elementor-column-gap-default\">\n\t\t\t\t\t<div class=\"elementor-column elementor-col-100 elementor-top-column elementor-element elementor-element-1774535\" data-id=\"1774535\" data-element_type=\"column\" data-e-type=\"column\">\n\t\t\t<div class=\"elementor-widget-wrap elementor-element-populated\">\n\t\t\t\t\t\t<div class=\"elementor-element elementor-element-6a54290 elementor-widget elementor-widget-image\" data-id=\"6a54290\" data-element_type=\"widget\" data-e-type=\"widget\" data-widget_type=\"image.default\">\n\t\t\t\t<div class=\"elementor-widget-container\">\n\t\t\t\t\t\t\t\t\t\t\t\t\t\t\t<img decoding=\"async\" data-attachment-id=\"2259\" data-permalink=\"https:\/\/prev-ir.fr\/?attachment_id=2259\" data-orig-file=\"https:\/\/i0.wp.com\/prev-ir.fr\/wp-content\/uploads\/2023\/11\/20230915_081354-scaled.jpg?fit=2560%2C1920&amp;ssl=1\" data-orig-size=\"2560,1920\" data-comments-opened=\"0\" data-image-meta=\"{&quot;aperture&quot;:&quot;2.4&quot;,&quot;credit&quot;:&quot;&quot;,&quot;camera&quot;:&quot;SM-G973U1&quot;,&quot;caption&quot;:&quot;&quot;,&quot;created_timestamp&quot;:&quot;1694765634&quot;,&quot;copyright&quot;:&quot;&quot;,&quot;focal_length&quot;:&quot;4.3&quot;,&quot;iso&quot;:&quot;50&quot;,&quot;shutter_speed&quot;:&quot;0.00042247570764681&quot;,&quot;title&quot;:&quot;&quot;,&quot;orientation&quot;:&quot;1&quot;}\" data-image-title=\"20230915_081354\" data-image-description=\"\" data-image-caption=\"\" data-large-file=\"https:\/\/i0.wp.com\/prev-ir.fr\/wp-content\/uploads\/2023\/11\/20230915_081354-scaled.jpg?fit=640%2C480&amp;ssl=1\" width=\"895\" height=\"671\" src=\"https:\/\/i0.wp.com\/prev-ir.fr\/wp-content\/uploads\/2023\/11\/20230915_081354-scaled.jpg?fit=895%2C671&amp;ssl=1\" class=\"attachment-large size-large wp-image-2259\" alt=\"\" srcset=\"https:\/\/i0.wp.com\/prev-ir.fr\/wp-content\/uploads\/2023\/11\/20230915_081354-scaled.jpg?w=2560&amp;ssl=1 2560w, https:\/\/i0.wp.com\/prev-ir.fr\/wp-content\/uploads\/2023\/11\/20230915_081354-scaled.jpg?resize=300%2C225&amp;ssl=1 300w, https:\/\/i0.wp.com\/prev-ir.fr\/wp-content\/uploads\/2023\/11\/20230915_081354-scaled.jpg?resize=1080%2C810&amp;ssl=1 1080w, https:\/\/i0.wp.com\/prev-ir.fr\/wp-content\/uploads\/2023\/11\/20230915_081354-scaled.jpg?resize=768%2C576&amp;ssl=1 768w, https:\/\/i0.wp.com\/prev-ir.fr\/wp-content\/uploads\/2023\/11\/20230915_081354-scaled.jpg?resize=1536%2C1152&amp;ssl=1 1536w, https:\/\/i0.wp.com\/prev-ir.fr\/wp-content\/uploads\/2023\/11\/20230915_081354-scaled.jpg?resize=2048%2C1536&amp;ssl=1 2048w, https:\/\/i0.wp.com\/prev-ir.fr\/wp-content\/uploads\/2023\/11\/20230915_081354-scaled.jpg?resize=360%2C270&amp;ssl=1 360w, https:\/\/i0.wp.com\/prev-ir.fr\/wp-content\/uploads\/2023\/11\/20230915_081354-scaled.jpg?w=1790&amp;ssl=1 1790w\" sizes=\"(max-width: 895px) 100vw, 895px\" data-attachment-id=\"2259\" data-permalink=\"https:\/\/prev-ir.fr\/?attachment_id=2259\" data-orig-file=\"https:\/\/i0.wp.com\/prev-ir.fr\/wp-content\/uploads\/2023\/11\/20230915_081354-scaled.jpg?fit=2560%2C1920&amp;ssl=1\" data-orig-size=\"2560,1920\" data-comments-opened=\"0\" data-image-meta=\"{&quot;aperture&quot;:&quot;2.4&quot;,&quot;credit&quot;:&quot;&quot;,&quot;camera&quot;:&quot;SM-G973U1&quot;,&quot;caption&quot;:&quot;&quot;,&quot;created_timestamp&quot;:&quot;1694765634&quot;,&quot;copyright&quot;:&quot;&quot;,&quot;focal_length&quot;:&quot;4.3&quot;,&quot;iso&quot;:&quot;50&quot;,&quot;shutter_speed&quot;:&quot;0.00042247570764681&quot;,&quot;title&quot;:&quot;&quot;,&quot;orientation&quot;:&quot;1&quot;}\" data-image-title=\"20230915_081354\" data-image-description=\"\" data-image-caption=\"\" data-large-file=\"https:\/\/i0.wp.com\/prev-ir.fr\/wp-content\/uploads\/2023\/11\/20230915_081354-scaled.jpg?fit=895%2C671&amp;ssl=1\" \/>\t\t\t\t\t\t\t\t\t\t\t\t\t\t\t<\/div>\n\t\t\t\t<\/div>\n\t\t\t\t\t<\/div>\n\t\t<\/div>\n\t\t\t\t\t<\/div>\n\t\t<\/section>\n\t\t\t\t<\/div>\n\t\t","protected":false},"excerpt":{"rendered":"<p>Les professionnels de PR\u00c9VenIR assurent un travail quotidien bas\u00e9 sur l\u2019attention et la disponibilit\u00e9 \u00e0 l\u2019autre pour faire na\u00eetre le lien qui va permettre d\u2019accompagner la personne dans les difficult\u00e9s qu\u2019elle rencontre. Cela demande d\u2019\u00eatre en capacit\u00e9 d\u2019aller \u00e0 la&hellip;&nbsp;<a href=\"https:\/\/prev-ir.fr\/\" class=\"more-link\">Lire la suite<\/a><\/p>\n","protected":false},"author":2,"featured_media":0,"parent":0,"menu_order":16,"comment_status":"closed","ping_status":"open","template":"","meta":{"ngg_post_thumbnail":0,"footnotes":""},"class_list":["post-819","page","type-page","status-publish","hentry"],"jetpack_shortlink":"https:\/\/wp.me\/P5BzG1-dd","jetpack_sharing_enabled":true,"_links":{"self":[{"href":"https:\/\/prev-ir.fr\/index.php?rest_route=\/wp\/v2\/pages\/819","targetHints":{"allow":["GET"]}}],"collection":[{"href":"https:\/\/prev-ir.fr\/index.php?rest_route=\/wp\/v2\/pages"}],"about":[{"href":"https:\/\/prev-ir.fr\/index.php?rest_route=\/wp\/v2\/types\/page"}],"author":[{"embeddable":true,"href":"https:\/\/prev-ir.fr\/index.php?rest_route=\/wp\/v2\/users\/2"}],"replies":[{"embeddable":true,"href":"https:\/\/prev-ir.fr\/index.php?rest_route=%2Fwp%2Fv2%2Fcomments&post=819"}],"version-history":[{"count":70,"href":"https:\/\/prev-ir.fr\/index.php?rest_route=\/wp\/v2\/pages\/819\/revisions"}],"predecessor-version":[{"id":2365,"href":"https:\/\/prev-ir.fr\/index.php?rest_route=\/wp\/v2\/pages\/819\/revisions\/2365"}],"wp:attachment":[{"href":"https:\/\/prev-ir.fr\/index.php?rest_route=%2Fwp%2Fv2%2Fmedia&parent=819"}],"curies":[{"name":"wp","href":"https:\/\/api.w.org\/{rel}","templated":true}]}}